= a**2 - 6*a - 8. Let p be o(8). Let i be d(p). What is the greatest common factor of 13 and i?
13
Suppose z + 2*z = -21. Let h = 4 - z. What is the highest common divisor of 22 and h?
11
Suppose -5*v + 2*g + 49 = -g, -2*v + 4*g = -14. Let q(a) = -a**3 + 12*a**2 - 10*a - 3. Let w be q(v). Calculate the greatest common divisor of w and 4.
4
Let r be (-2 + 4 + -7)*-3. Suppose 0 = -n - 2 + 17. What is the highest common divisor of n and r?
15
Let n(q) = 2*q**2 + 6*q + 8. Let x be n(8). What is the highest common divisor of x and 46?
46
Let u(k) = -k**2 + 5*k + 7. Let p(m) = 5*m**2 + m - 1. Let f be p(1). Let g be u(f). Suppose g = 2*w - 7. Calculate the greatest common divisor of 7 and w.
7
Suppose 4*i - 2 = -26. Let d be i*-2*(-74)/(-8). Let t = d + -66. Calculate the greatest common factor of t and 9.
9
Suppose -7*j + 200 - 11 = 0. Calculate the greatest common divisor of j and 297.
27
Suppose -2*i = -4*i - 2. Let t be 8/(i/3*-1). What is the highest common divisor of t and 12?
12
Let i be 45 - (0/2 + 3). Calculate the greatest common divisor of 28 and i.
14
Let u = -23 - -59. Let g be (-1 + (0 - 5))/(2/(-6)). What is the greatest common divisor of g and u?
18
Let m = 8 + 4. Suppose -5*x = -4*q + 528, -2*x + 1 + 263 = 2*q. What is the highest common divisor of q and m?
12
Let b = -6 - -1. Let d be 107/5 + 2/b. Let x be -3 - (d/1)/(-1). What is the highest common factor of x and 9?
9
Let x(k) = k. Let d(z) = -5*z - 6. Let v(b) = d(b) + 4*x(b). Let f be v(-7). What is the greatest common divisor of 2 and f?
1
Let h be -1 - 2 - (-4 - 1). Suppose -h*s + 6 = 2. What is the highest common divisor of s and 1?
1
Let i = 11 - -9. Suppose 2*x + 3*x = -3*u + 170, -12 = -3*x. What is the greatest common divisor of i and u?
10
Let b be (-2 - -1) + 10 + -4. Suppose -2*y + 21 = -b. What is the highest common divisor of 65 and y?
13
Suppose -4*x = -3*d + 7*d - 688, 3*x = -d + 522. What is the greatest common divisor of x and 25?
25
Let u be 20/(-3)*(-4 + -5). Suppose 4*r - 8*r + u = 0. What is the highest common divisor of 90 and r?
15
Let o(x) = -x**3 + 4*x**2 - x + 1. Suppose c + 1 = l + 3*c, -c - 13 = -4*l. Let b be o(l). Calculate the highest common divisor of 35 and b.
7
Let s be 6 - (-1 + 0/(1 - 4)). Calculate the highest common divisor of 28 and s.
7
Let c be 10/(-4)*(-8)/10. Suppose 5*h - 2 = -22. Let n(m) = 2*m**2 + 3*m + 2. Let y be n(h). Calculate the highest common divisor of y and c.
2
Let k = 45 + -33. Calculate the highest common divisor of 36 and k.
12
Let o(w) = 2*w**2 + 5*w + 2. Let f be o(-7). Calculate the highest common divisor of f and 13.
13
Suppose -3*o - o + 20 = -4*y, 0 = 3*o + 4*y + 13. Calculate the greatest common divisor of 8 and o.
1
Let s(c) be the third derivative of c**5/15 - 5*c**4/12 + c**3/3 + 3*c**2. Let w be s(7). What is the highest common factor of 16 and w?
16
Let g be (6/(-3) - -3) + -3. Let r be 20/15*(-108)/g. Suppose -11 = -3*o + 13. Calculate the highest common divisor of o and r.
8
Let k(t) = t**2 - 4*t - 2. Let n be k(-3). Let o = -235 + 387. What is the highest common factor of n and o?
19
Let c be 1 + 2 + 8/(-2). Let i(g) = 25*g**2 + 2*g + 1. Let q be i(c). Let t be 45*((-5)/(30/4) + 2). What is the highest common divisor of t and q?
12
Let s be 330/48 + (-1)/(-8). What is the highest common factor of s and 28?
7
Suppose -2*m + 50 - 2 = 0. What is the highest common divisor of 8 and m?
8
Let u(p) = -3*p + 90. Let a be u(-21). Calculate the highest common divisor of a and 9.
9
Let x = 175 + -105. Calculate the greatest common divisor of x and 14.
14
Let b = -51 + 66. Calculate the highest common divisor of 30 and b.
15
Let d(s) = 4*s**2 + 6*s - 8. Let a be d(2). Calculate the greatest common factor of 80 and a.
20
Suppose 2*h - t - 134 = 0, 0 = 2*h + t + 2*t - 118. What is the highest common divisor of h and 5?
5
Let v(j) = j**2 - 5*j - 6. Let u be v(7). What is the highest common divisor of 12 and u?
4
Let n(q) = q - 8. Let r be n(30). What is the highest common divisor of 88 and r?
22
Suppose 0 = -5*m - 72 + 7. Let p = m + 24. Let j = -65 + 98. What is the highest common factor of p and j?
11
Suppose 4*t - 3*z + 4 = -4*z, -z = -t - 1. Let j = -9 + t. Let d = j + 16. Calculate the greatest common factor of d and 6.
6
Suppose 3 = 4*q - 1. Suppose -5*k - 11 = 49. Let p = k + 21. Calculate the highest common factor of p and q.
1
Let y = 254 + -209. Let o(g) = 5*g**2 - g - 1. Let w be o(-1). Calculate the greatest common factor of w and y.
5
Let z be 3/(12/80) + 5. What is the greatest common factor of z and 475?
25
Suppose -5*a - 25 = -2*q, 2*a + 3*a + 25 = -4*q. Suppose -2*j = -q*j - 14. What is the highest common factor of j and 56?
7
Suppose -5*o - 152 = 2*f - 582, 0 = -3*o + f + 247. What is the greatest common factor of o and 21?
21
Let v = -8 - -15. Suppose -4*l + 126 = -w, -l + 2*w - v*w = -42. Calculate the greatest common factor of 48 and l.
16
Let g = 17 + 7. What is the greatest common divisor of 16 and g?
8
Suppose -d - 2*d + 720 = 0. Suppose 7*b - 3*b - d = 0. What is the greatest common factor of b and 24?
12
Let b = -5 - -9. Suppose -b*g + 3*t - 33 = -10, 0 = 4*g - t + 29. Let h = 12 + g. What is the highest common factor of 10 and h?
2
Suppose -c = -0 - 4. Suppose -z + 5*o = z + 93, -5*z - 180 = -2*o. Let w = z + 54. What is the greatest common factor of w and c?
4
Suppose -3*i - 29 = 100. Let z = -23 - i. What is the greatest common factor of z and 4?
4
Let g be 0/(-1 - (-2 + 2)). Let k be 1*g/1 - -9. Let y(h) = 5*h**2 + 11*h. Let u be y(-4). What is the highest common factor of u and k?
9
Suppose -4*l + 5*t = -209, 2*t = -5*l - 2*t + 251. What is the greatest common divisor of l and 17?
17
Let d = 32 + -28. What is the greatest common divisor of 4 and d?
4
Suppose 14*r = 10*r + 180. Let c be 52/6 - 3/(-9). Calculate the highest common factor of r and c.
9
Let i(m) = m. Let u be i(8). Calculate the greatest common factor of 56 and u.
8
Let s(g) = g**3 + 7*g**2 - g - 6. Let d be s(-7). What is the highest common factor of d and 28?
1
Suppose -4*u + 0*u - 22 = -5*c, -2*c + 5*u = -2. Calculate the highest common factor of 12 and c.
6
Let n = 28 + 35. What is the highest common factor of n and 9?
9
Suppose o + 3 = 2*g, -2*o = -5*o + 9. Suppose 5*y - y - 12 = -g*l, 0 = 5*l + 20. Calculate the greatest common factor of y and 66.
6
Let s be 4*(-1)/2 - -6. Calculate the highest common divisor of 24 and s.
4
Suppose w + 2*w - k - 19 = 0, -3*k = 4*w - 8. Let j = 58 + -33. What is the highest common factor of w and j?
5
Let s(p) = p + 21. Let d = -1 + 7. Suppose 0 = d*i - i. Let n be s(i). What is the greatest common factor of 7 and n?
7
Let n(p) = p**2 + 9*p. Let c be n(-9). Suppose c*l = 4*l - 16. Suppose 22 = l*d - 2*d. What is the greatest common factor of d and 44?
11
Let g = -120 - -273. Suppose 4*z + 51 = 3*y + 6*z, -5*y - 4*z = -85. Calculate the highest common divisor of g and y.
17
Suppose -s + 3*z + 7 + 17 = 0, 0 = -2*z. Calculate the greatest common divisor of 24 and s.
24
Let p = -104 - -338. Calculate the highest common divisor of 26 and p.
26
Suppose t = 2*n + 97, 6*n - 4*n = -4*t + 428. Suppose 5*y - t = -2*m, -5*y - 2*m = -5*m - 105. What is the greatest common factor of 84 and y?
21
Suppose 2*g - 5 = -5*p + 16, 5*g = p + 39. What is the greatest common divisor of g and 56?
8
Suppose 532 = 4*k - 28. Suppose 4*d + 5*d - 126 = 0. What is the greatest common divisor of d and k?
14
Let a(y) = y**2 - 3. Let v be a(0). Let m(c) = -c**3 - 2*c**2 - 2*c - 3. Let r be m(v). Calculate the greatest common divisor of r and 24.
12
Let s(l) = -2*l**3 + l**2 + 3*l. Let f be s(-3). What is the highest common factor of 6 and f?
6
Let s be (-4)/4 - -2 - 0. Let y be 1/5 + 32/40. Calculate the greatest common divisor of s and y.
1
Let h = 1 - 0. Suppose -4*t + 36 = -5*x - 4, t + x - h = 0. Suppose -t*z = -z - 16. What is the greatest common factor of 20 and z?
4
Let h = -1 + 5. Let y be -3 + (-5)/5*-23. Calculate the greatest common factor of h and y.
4
Let f(z) = 35*z + 6. Let i be f(2). What is the highest common factor of i and 57?
19
Suppose j = 2 - 9. Let p = j - -12. Let r(f) = 8*f + 1. Let y be r(3). Calculate the greatest common divisor of p and y.
5
Suppose -4 = 4*p + 4, -4*f - 24 = 2*p. Let z be 